) be the second derivative of -b**5/5 - b**4/6 + b**2/2 - b. Let p be ((-1)/(-3))/((-2)/(-6)). Suppose 5*f - 4 = p. Give y(f).
-5
Let n(j) = -j**2 + j - 1. Let r(b) = -3*b**2 - b - 1. Let c(q) = -2*n(q) + r(q). Suppose -5*w - 762 = -737. Determine c(w).
-9
Let u(p) be the third derivative of -p**4/24 + 7*p**3/3 + 892*p**2. Calculate u(12).
2
Let f(h) = -h**2 - 5*h. Let m be f(-4). Let p be (-15)/(-2)*(-2)/(-3). Let n(l) = p - 8 - l - 1. Calculate n(m).
-8
Let d(u) be the second derivative of -u**4/12 - 11*u**3/6 - 3*u**2/2 - 7*u. Calculate d(-8).
21
Let k(t) = 1. Let a(s) = -3*s - 2. Let j(o) = -a(o) - 2*k(o). Suppose 22*d - 6 = 16*d. Determine j(d).
3
Let b(h) = 22 - 5*h - 20 + 7*h - 6*h. Determine b(-7).
30
Let o(z) = -2*z + 4. Let c be ((3 - 1) + -3)*20. Let a = 42 + c. Let u be (-4)/(-8) - a/(-4). Give o(u).
-8
Let i(y) = -y**3 - 17*y**2 - 17*y - 18. Let v be 288/90*((-2)/(-1) - 7). What is i(v)?
-2
Let q(t) = 20*t**2 - t + 8. Let v(k) = -k**2 - 2. Let r(b) = q(b) + 4*v(b). What is r(-1)?
17
Let a(d) = 36 + 3*d - 4*d - 47 + 0*d. Calculate a(-18).
7
Let b be (7 + -2)/1 - 108/9. Let w(a) = -2*a - 4. Determine w(b).
10
Let g(k) be the first derivative of -5*k**4/24 + 7*k**3/6 + k**2/2 - 4. Let r(u) be the second derivative of g(u). What is r(5)?
-18
Suppose -r = 2*a - 8, -2*a + 5*r + 0*r = 16. Suppose 0 = -2*k - k - 5*o + 14, -11 = -3*k - a*o. Let l(y) = 0 - 4 - k + y - 3. Give l(0).
-10
Suppose 3*k + 5*p = -6, -3*p = 18*k - 20*k + 15. Let m(x) = 2*x**2 - x**3 + 2 + 3*x**2 + 0 - 5*x. What is m(k)?
5
Let p(b) = 2*b**2 + 5*b. Suppose 11*w + 108 = 64. What is p(w)?
12
Let i be (40/60)/(4/30) - 12. Let t(s) = 8*s**2 - 38*s - 19. Let n(p) = -3*p**2 + 13*p + 6. Let z(r) = 11*n(r) + 4*t(r). Give z(i).
4
Let n be 4/6 + ((-128)/(-24))/(-8). Let i(r) = -r**2 - r - 4. What is i(n)?
-4
Let b(p) = -3*p**2 - 13*p + 1. Let v(k) = -4*k**2 - 14*k + 1. Let s(u) = 5*b(u) - 4*v(u). Let l(j) = -2*j**2 + 19*j - 1. Let a(w) = -4*l(w) - 9*s(w). Give a(4).
-1
Suppose -27*d - 104 = 85. Let t(r) = 3*r - 1. What is t(d)?
-22
Let g(w) = 17*w + 21*w - 1 - 53*w + 16*w. Let k(s) = s**3 + 2*s**2 - s - 6. Let j be k(0). Give g(j).
-7
Let q = -6 + 21. Suppose -30*m + q = -27*m. Let v(y) = 4 + 1 + y**2 + 0*y**2 - 4*y. Determine v(m).
10
Let u(c) be the second derivative of -c**5/20 + c**4/4 + 2*c. Suppose -56 = -12*f - 2*f. Determine u(f).
-16
Let k(n) = 5*n**3 + 5*n**2 + 4*n - 7. Let o(q) = -6*q**3 - 4*q**2 - 3*q + 6. Let w(u) = -5*k(u) - 4*o(u). Determine w(-8).
11
Let q(b) = -2 - 1288*b**2 + b + b + 1286*b**2. Give q(2).
-6
Suppose 2*u - t - 11 = 0, 0*t - 14 = -3*u + t. Let g(h) = -h**3 + 2*h**2 + 6. Determine g(u).
-3
Let b be (-3 - (-10 - 4)) + -1. Suppose b*i - 6*i = -8. Let k(j) = -8*j - 2. What is k(i)?
14
Let c be (-2)/6 - 10/(-3). Let p be 2/c + 12/(-18). Let i(z) = -z**3 + p*z**3 + 7*z - 4*z**2 + 2*z**3 - 3 - 4*z. Calculate i(4).
9
Let d(s) = s**2 + 30*s + 197. Let a be d(-9). Let p = -13 - -20. Suppose -3*r = -p*r - a. Let w(y) = 4*y**2 - 1. Determine w(r).
15
Let s(u) = 5*u + 1. Suppose 33*i = 14*i + 95. Give s(i).
26
Let j(s) = -5*s - 21. Let c be 4 + -8 + (-5 - -3). What is j(c)?
9
Let h(q) = -6*q**2 + 7 - 5*q**3 + 12*q**2 + 4*q**3 - 2*q. Let a = -136 - -142. Determine h(a).
-5
Let n(w) = 12*w**2 - 2*w**3 + w**3 + 6*w**2 - 7 - 8*w**2. Calculate n(10).
-7
Let i = -1 - -3. Let n be 1/((-3)/(0 - 3)). Let y(a) = -7*a - n - 2*a**3 + a**3 + 5*a + 4*a. What is y(i)?
-5
Let v(t) = t**2 + t - 1. Let a(u) = 7*u**2 - u - 7. Let z(d) = -d**2 + 10*d - 18. Let m be z(6). Let q(w) = m*v(w) - a(w). Give q(6).
7
Suppose 0 = -3*p + 3*s + 6, 3*p - 5 = 4*s - 0. Let o(g) = -2*g + 8 + 4 - p + 3*g. Calculate o(-7).
2
Let h be -5*1*36/90. Let l(v) = -4*v - 1. Determine l(h).
7
Let h(w) be the first derivative of w**5/60 - w**4/4 - 5*w**3/6 - 7*w**2 + 23. Let d(n) be the second derivative of h(n). Give d(6).
-5
Suppose -381*x + 20 = -391*x. Let g(o) = 2*o**3 - 1 - 2*o**2 + 2*o**2 - 3*o. Calculate g(x).
-11
Let x(o) = -9*o - 13. Let q(n) = -5*n - 7. Let c(t) = 11*q(t) - 6*x(t). Let k be (-3)/(-5) - ((-54)/45)/3. Determine c(k).
0
Suppose 452 = 45*g + 137. Let r(u) = -u**3 + 5*u**2 + 14*u - 2. Calculate r(g).
-2
Let y(m) = 4*m. Let s(a) = -2*a - 27. Let n be 0*(-3)/(-18) + (-15 - 0). Let x be s(n). Determine y(x).
12
Suppose -4*n - 3*d - 17 = 2*d, 2*d = 4*n - 18. Let s be -4 + 6 - (0 + 0). Suppose -x = -1, n*p + 8 = 2*x - s. Let v(b) = 2*b**2 + 5*b + 2. Determine v(p).
14
Let g(p) be the third derivative of -p**7/840 - p**6/120 + p**5/60 + p**4/12 + p**3 - 21*p**2. Let i(u) be the first derivative of g(u). What is i(-2)?
-6
Let n(y) be the third derivative of y**5/30 + y**3/6 - y**2. Let z be (-9*4)/3 + -4. Let p(v) = -v**3 - 15*v**2 + 15*v - 17. Let w be p(z). What is n(w)?
3
Let f(y) = -y**3 + 2*y. Let m(i) = 4*i**3 + 4*i**2 - 11*i - 1. Let r(n) = -5*f(n) - m(n). Calculate r(3).
-5
Let o(c) = 20*c + 1. Let h(m) = -m**2 - 16*m - 13. Let b be h(-1). Determine o(b).
41
Let z(t) be the first derivative of t**4/24 + t**3/6 + 7*t**2 - 9. Let r(k) be the second derivative of z(k). What is r(-1)?
0
Let g(r) = -5*r - 7. Let n = 957 + -950. Calculate g(n).
-42
Suppose -7*p + 21 = -0*p. Let d(l) = l**3 + 4*l**2 + 6*l. Let t(n) = -n**3 - 4*n**2 - 5*n. Let s(w) = p*d(w) + 4*t(w). What is s(-4)?
8
Let h(r) = r**3 + 4*r**2 - 2*r - 3. Let x be (-84)/7 + -4 + 12. Calculate h(x).
5
Let y(w) = w**3 - 21*w**2 - 44*w - 45. Let n be y(23). Suppose -15 = 2*i - 5*i. Let a(p) = -4*p + i*p - 3 - n. Give a(0).
-4
Let o(s) = -s**2. Let d(r) = r - 11. Suppose -9*g - 4*g = -169. Let c be d(g). What is o(c)?
-4
Let p(q) = -2*q + 3. Let l = 3 - 6. Let t(h) = -2 + 3 - 2 + h. Let b(y) = l*t(y) - p(y). Calculate b(-3).
3
Let d = 17 + -54. Let m = d + 41. Let u(v) be the first derivative of v**2 + v - 4. Give u(m).
9
Let z(o) = -2*o + 3*o + 1609 - 1613. Calculate z(5).
1
Suppose 0 = -36*k + 56 + 124. Let j(d) = -4*d + 13. Give j(k).
-7
Let t(a) = -2 + 2*a + a - 1. Let b = -20 - -22. Suppose -2*v = 5*x + 35 - 7, b*x = v - 4. Give t(v).
-15
Let l(u) = 14*u**3 + 4*u. Let d(a) = 22*a**3 + 6*a. Let y(z) = -5*d(z) + 8*l(z). What is y(-2)?
-20
Let f(m) = -17*m - 21. Let b(s) = -24*s - 19. Let x(c) = -3*b(c) + 4*f(c). What is x(6)?
-3
Let r(k) be the first derivative of -k**3/3 + 3*k**2/2 + 3*k - 16. Let x = 5 + -11. Let m be 2 - -1*x/(-3). What is r(m)?
-1
Let p(t) = 4*t**2 - 12*t - 1. Let r(j) = -3*j**2 + 11*j + 1. Let q(z) = -6*p(z) - 7*r(z). Give q(-4).
-29
Let r(l) = -4*l + 2 - 7*l**3 + 3*l - 3 - l**2. Let t(v) = -v**3 + 51*v**2 + 2*v - 103. Let k be t(51). Determine r(k).
6
Suppose 5*g - 19 = 2*t, -2*t = 3*g + 3*t - 30. Suppose -g*z - 5 = -10*z. Let r(p) = 168*p**2 - 2*p + 3 - 2 - 167*p**2. Give r(z).
0
Let q(v) = 5*v - 2. Let t be (-3)/(-6) + 25/10. Suppose -t*n + 2 = -4. Suppose 6 = 3*x, -2*z = n*z + x - 14. What is q(z)?
13
Let h be 23/(-1)*(19 - 20). Let z(v) = 15*v**2 - 1 - 2*v**3 - 6 - h*v**2 + 3*v**3. Give z(8).
-7
Let q(d) = -14 + 5*d**2 + d**3 + 16*d + 12 - 23*d**2 + 9. What is q(17)?
-10
Let a = 2 - 5. Let k = -3 + 6. Let n(v) = -5 + k*v - 2*v + 3. What is n(a)?
-5
Let k = 252 - 180. Suppose -2*f = -4, k = 5*x + f - 0*f. Suppose w = -3*j - x - 1, -5*w + 21 = -j. Let q(i) = -i**2 - 7*i + 6. Give q(j).
12
Suppose 0 = 29*k - 32*k. Suppose 5*n = -k*a - a + 6, n - 2*a - 10 = 0. Let b(f) = 3*f**2 - 2*f - 1. Give b(n).
7
Let a(b) = -13*b**2 - 7*b + 6. Let d(g) = 11*g**2 + 6*g - 6. Let t(l) = 6*a(l) + 7*d(l). Calculate t(0).
-6
Suppose s - 12 = 3*f - 7*f, -16 = -4*s. Let w(a) be the second derivative of 7/12*a**4 + 5*a**f + 6*a + 1/20*a**5 + 1/3*a**3 + 0. Determine w(-7).
-4
Let a(m) = m**2 + 11*m - 3. Let r(i) = 9*i - 65. Let w be r(6). Give a(w).
-3
Suppose l + 3*l = -24. Let s(k) = 7 - 3 + 7*k + k - 243*k**3 - 5*k**2 + 122*k**3 + 120*k**3. Determine s(l).
-8
Let r(i) = i**2 + 10*i - 32. Let p be r(-14). Let q(j) = -j**2 + 45 - 2*j - 19 - p. Calculate q(2).
-6
Let q(m) = m**2 - m + 2. Let n(o) be the first derivative of -2*o - 1/2*o**2 + 1/4*o**4 + 1 - 1/3*o**3. Let s be n(2). Determine q(s).
2
Suppose 0 = -h - 2*f + 1 + 3, 4*h - 10 = -5*f. Let w be -1*(0 + h) + -1. Let i(j) be the first derivative of -7*j**2/2 - 17. What is i(w)?
7
Let r(l) = -l**2 + 9*l - 3. Let d = 20 - -34. Suppose 8*k = 2*k + d. What is r(k)?
-